{"id":628,"date":"2023-06-20T10:15:26","date_gmt":"2023-06-20T08:15:26","guid":{"rendered":"https:\/\/msialsace.fr\/?page_id=628"},"modified":"2023-07-24T10:05:56","modified_gmt":"2023-07-24T08:05:56","slug":"audit-de-site","status":"publish","type":"page","link":"https:\/\/msialsace.fr\/index.php\/audit-de-site\/","title":{"rendered":"Audit"},"content":{"rendered":"\n<div class=\"wp-block-group\"><div class=\"wp-block-group__inner-container is-layout-constrained wp-block-group-is-layout-constrained\">\n<h2 class=\"wp-block-heading\"><em>Qu&rsquo;est-ce que l&rsquo;audit d&rsquo;entreprise ?<\/em><\/h2>\n<\/div><\/div>\n\n\n\n<div style=\"height:29px\" aria-hidden=\"true\" class=\"wp-block-spacer\"><\/div>\n\n\n\n<div class=\"wp-block-group\"><div class=\"wp-block-group__inner-container is-layout-constrained wp-block-group-is-layout-constrained\">\n<div class=\"wp-block-group\"><div class=\"wp-block-group__inner-container is-layout-constrained wp-block-group-is-layout-constrained\">\n<div class=\"wp-block-group\"><div class=\"wp-block-group__inner-container is-layout-constrained wp-block-group-is-layout-constrained\">\n<div class=\"wp-block-group\"><div class=\"wp-block-group__inner-container is-layout-constrained wp-block-group-is-layout-constrained\">\n<p class=\"has-text-align-left\"><strong>L&rsquo;audit d&rsquo;entreprise est une analyse compl\u00e8te sur un aspect pr\u00e9cis de l&rsquo;entreprise<\/strong>. <strong>L&rsquo;audit est r\u00e9alis\u00e9 par un sp\u00e9cialiste appel\u00e9 \u00ab\u00a0auditeur\u00a0\u00bb, l&rsquo;audit permet de desceller les points forts ainsi que les points faibles afin de trouver des pistes d&rsquo;am\u00e9lioration afin d&rsquo;obtenir de meilleurs r\u00e9sultats.<\/strong><\/p>\n<\/div><\/div>\n<\/div><\/div>\n<\/div><\/div>\n<\/div><\/div>\n\n\n\n<div style=\"height:50px\" aria-hidden=\"true\" class=\"wp-block-spacer\"><\/div>\n\n\n\n<figure class=\"wp-block-image size-full is-style-default\"><img loading=\"lazy\" decoding=\"async\" width=\"741\" height=\"337\" src=\"https:\/\/msialsace.fr\/wp-content\/uploads\/2023\/06\/6470-removebg-preview.png\" alt=\"\" class=\"wp-image-657\" srcset=\"https:\/\/msialsace.fr\/wp-content\/uploads\/2023\/06\/6470-removebg-preview.png 741w, https:\/\/msialsace.fr\/wp-content\/uploads\/2023\/06\/6470-removebg-preview-300x136.png 300w\" sizes=\"auto, (max-width: 741px) 100vw, 741px\" \/><\/figure>\n\n\n\n<div style=\"height:46px\" aria-hidden=\"true\" class=\"wp-block-spacer\"><\/div>\n\n\n\n<p>                                                         <\/p>\n\n\n\n<div class=\"wp-block-group\"><div class=\"wp-block-group__inner-container is-layout-constrained wp-block-group-is-layout-constrained\">\n<h2 class=\"wp-block-heading\"><em>Que comporte notre audit ?<\/em><\/h2>\n<\/div><\/div>\n\n\n\n<div style=\"height:46px\" aria-hidden=\"true\" class=\"wp-block-spacer\"><\/div>\n\n\n\n<div class=\"wp-block-group\"><div class=\"wp-block-group__inner-container is-layout-constrained wp-block-group-is-layout-constrained\">\n<ul class=\"wp-block-list\">\n<li><strong>Une analyse de votre parc informatique<\/strong><\/li>\n\n\n\n<li><strong>Des conseils pour une optimisation<\/strong><\/li>\n\n\n\n<li><strong>Une analyse de votre s\u00e9curit\u00e9<\/strong><\/li>\n\n\n\n<li><strong>Une analyse de vos sauvegardes (fr\u00e9quence, lieu de sauvegarde)<\/strong><\/li>\n\n\n\n<li><strong>Une analyse de vos factures fournisseurs, informatiques et de t\u00e9l\u00e9phonie<\/strong><\/li>\n<\/ul>\n\n\n\n<p><\/p>\n<\/div><\/div>\n","protected":false},"excerpt":{"rendered":"<p>Qu&rsquo;est-ce que l&rsquo;audit d&rsquo;entreprise ? L&rsquo;audit d&rsquo;entreprise est une analyse compl\u00e8te sur un aspect pr\u00e9cis de l&rsquo;entreprise. L&rsquo;audit est r\u00e9alis\u00e9 par un sp\u00e9cialiste appel\u00e9 \u00ab\u00a0auditeur\u00a0\u00bb, l&rsquo;audit permet de desceller les points forts ainsi que les points faibles afin de trouver des pistes d&rsquo;am\u00e9lioration afin d&rsquo;obtenir de meilleurs r\u00e9sultats. Que comporte notre audit ?<\/p>\n","protected":false},"author":1,"featured_media":0,"parent":0,"menu_order":0,"comment_status":"closed","ping_status":"closed","template":"","meta":{"footnotes":""},"class_list":["post-628","page","type-page","status-publish","hentry"],"_links":{"self":[{"href":"https:\/\/msialsace.fr\/index.php\/wp-json\/wp\/v2\/pages\/628","targetHints":{"allow":["GET"]}}],"collection":[{"href":"https:\/\/msialsace.fr\/index.php\/wp-json\/wp\/v2\/pages"}],"about":[{"href":"https:\/\/msialsace.fr\/index.php\/wp-json\/wp\/v2\/types\/page"}],"author":[{"embeddable":true,"href":"https:\/\/msialsace.fr\/index.php\/wp-json\/wp\/v2\/users\/1"}],"replies":[{"embeddable":true,"href":"https:\/\/msialsace.fr\/index.php\/wp-json\/wp\/v2\/comments?post=628"}],"version-history":[{"count":39,"href":"https:\/\/msialsace.fr\/index.php\/wp-json\/wp\/v2\/pages\/628\/revisions"}],"predecessor-version":[{"id":909,"href":"https:\/\/msialsace.fr\/index.php\/wp-json\/wp\/v2\/pages\/628\/revisions\/909"}],"wp:attachment":[{"href":"https:\/\/msialsace.fr\/index.php\/wp-json\/wp\/v2\/media?parent=628"}],"curies":[{"name":"wp","href":"https:\/\/api.w.org\/{rel}","templated":true}]}}